08?
2, 831577477
List the prime factors of 881514302.
2, 440757151
List the prime factors of 175344896.
2, 67, 10223
What are the prime factors of 95402500?
2, 5, 31, 1231
List the prime factors of 2745259.
11, 103, 2423
What are the prime factors of 32325483?
3, 17, 633833
List the prime factors of 16607333.
16607333
List the prime factors of 707952866.
2, 17231, 20543
What are the prime factors of 423657867?
3, 17, 8307017
List the prime factors of 381074745.
3, 5, 239, 106297
List the prime factors of 4869876756.
2, 3, 23, 59, 299059
List the prime factors of 411843243.
3, 7, 19611583
List the prime factors of 39502894.
2, 19751447
List the prime factors of 14754130.
2, 5, 17, 59, 1471
What are the prime factors of 809194292?
2, 37, 5467529
List the prime factors of 177962312.
2, 11, 229, 8831
List the prime factors of 3115808747.
241, 359, 36013
List the prime factors of 49963216.
2, 1093, 2857
What are the prime factors of 6019941907?
7, 43, 449, 44543
What are the prime factors of 3712838276?
2, 7, 89, 1489903
What are the prime factors of 96015242?
2, 179, 268199
What are the prime factors of 206796560?
2, 5, 2584957
What are the prime factors of 143010988?
2, 35752747
What are the prime factors of 890798122?
2, 73, 6101357
What are the prime factors of 122955331?
29, 31, 136769
List the prime factors of 147313459.
23, 1201, 5333
What are the prime factors of 1167027066?
2, 3, 5281, 12277
List the prime factors of 37228493.
1117, 33329
What are the prime factors of 539592123?
3, 7, 4231, 6073
What are the prime factors of 84121414?
2, 13, 31, 104369
List the prime factors of 115253263.
115253263
What are the prime factors of 150723637?
19, 359, 1163
What are the prime factors of 118460071?
118460071
What are the prime factors of 783616470?
2, 3, 5, 7, 13, 239, 1201
List the prime factors of 634712781.
3, 79, 139, 19267
List the prime factors of 52060562.
2, 17, 557, 2749
List the prime factors of 198278747.
41, 4836067
List the prime factors of 225990518.
2, 13, 668611
What are the prime factors of 4602750808?
2, 173, 3325687
What are the prime factors of 6483224?
2, 11, 73673
List the prime factors of 4609999629.
3, 11483, 14869
What are the prime factors of 395612512?
2, 23, 467, 1151
List the prime factors of 28299113.
19, 827, 1801
List the prime factors of 6485763.
3, 29, 127, 587
List the prime factors of 49595523.
3, 16531841
What are the prime factors of 1131474299?
61, 18548759
List the prime factors of 351788631.
3, 117262877
What are the prime factors of 101630683?
7, 11, 97, 1237
List the prime factors of 923536338.
2, 3, 153922723
List the prime factors of 230543281.
230543281
List the prime factors of 229743007.
13, 71, 248909
List the prime factors of 45537245.
5, 13, 700573
List the prime factors of 3941100481.
3637, 1083613
List the prime factors of 131611935.
3, 5, 7, 13, 96419
What are the prime factors of 1547856165?
3, 5, 43, 337, 7121
What are the prime factors of 356420584?
2, 13, 3427121
What are the prime factors of 329707035?
3, 5, 7, 41, 521
What are the prime factors of 2746297597?
2746297597
List the prime factors of 121149890.
2, 5, 19, 409, 1559
List the prime factors of 115787874.
2, 3, 37, 521567
List the prime factors of 70563323.
4523, 15601
What are the prime factors of 359536189?
79, 4551091
List the prime factors of 539235532.
2, 11, 859, 1297
List the prime factors of 3009759791.
44021, 68371
List the prime factors of 3805202.
2, 347, 5483
What are the prime factors of 202973373?
3, 43, 97, 5407
What are the prime factors of 905862?
2, 3, 17, 83, 107
List the prime factors of 572731424.
2, 1301, 13757
What are the prime factors of 192345154?
2, 2017, 47681
What are the prime factors of 10382194?
2, 101, 103, 499
What are the prime factors of 1390473288?
2, 3, 419, 46091
What are the prime factors of 2056814324?
2, 3037, 169313
What are the prime factors of 290608205?
5, 41, 271, 5231
What are the prime factors of 699741?
3, 7, 29, 383
List the prime factors of 183996204.
2, 3, 7, 67, 32693
What are the prime factors of 45132319?
157, 1831
List the prime factors of 680649066.
2, 3, 2861, 13217
List the prime factors of 431387032.
2, 1171, 46049
List the prime factors of 487427762.
2, 41, 5944241
What are the prime factors of 1496950?
2, 5, 7, 13, 47
List the prime factors of 286522299.
3, 7, 19, 73, 1093
List the prime factors of 677913617.
677913617
What are the prime factors of 435809254?
2, 41, 61, 151, 577
What are the prime factors of 5407526069?
11, 71, 113, 863
List the prime factors of 1606556200.
2, 5, 8032781
What are the prime factors of 606570011?
9631, 62981
What are the prime factors of 6553710821?
7, 936244403
What are the prime factors of 1022067085?
5, 13, 743, 21163
List the prime factors of 202538275.
5, 47, 172373
What are the prime factors of 195687911?
29, 193, 34963
List the prime factors of 1469501534.
2, 19, 73, 529741
What are the prime factors of 1098690799?
1098690799
What are the prime factors of 1194952094?
2, 7, 4729, 18049
What are the prime factors of 239998955?
5, 7, 271, 25303
List the prime factors of 1336450455.
3, 5, 31, 319343
List the prime factors of 1764842436.
2, 3, 7, 19, 368597
What are the prime factors of 490682715?
3, 5, 37, 317, 2789
What are the prime factors of 713931104?
2, 22310347
List the prime factors of 123486474.
2, 3, 4099, 5021
What are the prime factors of 3429651502?
2, 17, 439, 229777
List the prime factors of 393459363.
3, 11, 179, 2467
What are the prime factors of 1413228159?
3, 7, 197, 16267
What are the prime factors of 6829027?
2551, 2677
What are the prime factors of 34193817?
3, 7, 17, 4561
What are the prime factors of 618879322?
2, 17, 18202333
What are the prime factors of 1140192141?
3, 11, 3313, 10429
What are the prime factors of 733577131?
7, 797, 131489
What are the prime factors of 1674738?
2, 3, 13, 17, 421
List the prime factors of 1774897701.
3, 29, 197, 3571
What are the prime factors of 154106761?
59, 2611979
What are the prime factors of 83061677?
17, 4885981
List the prime factors of 723469008.
2, 3, 15072271
List the prime factors of 2484431539.
151, 16453189
What are the prime factors of 55215516?
2, 3, 4601293
What are the prime factors of 679027574?
2, 23, 641803
List the prime factors of 1736934499.
449, 941, 4111
List the prime factors of 609436045.
5, 121887209
List the prime factors of 1147942526.
2, 573971263
What are the prime factors of 7474631?
7474631
What are the prime factors of 512288962?
2, 953, 268777
List the prime factors of 277680123.
3, 7, 461, 3187
List the prime factors of 76766094.
2, 3, 43, 99181
What are the prime factors of 123703162?
2, 11, 5622871
What are the prime factors of 81043079?
13, 2341, 2663
List the prime factors of 46279987.
13, 3559999
What are the prime factors of 5096899351?
5096899351
What are the prime factors of 368760742?
2, 7, 797, 33049
What are the prime factors of 66313836?
2, 3, 29, 31, 683
What are the prime factors of 671889772?
2, 2347, 71569
List the prime factors of 352162531.
7, 17, 1103, 2683
What are the prime factors of 2288227381?
11, 23, 97, 93241
What are the prime factors of 6009676?
2, 1502419
List the prime factors of 856744521.
3, 1223, 233509
What are the prime factors of 4757584485?
3, 5, 53, 83, 72101
List the prime factors of 402230526.
2, 3, 1487, 45083
What are the prime factors of 60234645?
3, 5, 4015643
List the prime factors of 37821720.
2, 3, 5, 315181
List the prime factors of 68525064.
2, 3, 647, 1471
List the prime factors of 1158041718.
2, 3, 21445217
What are the prime factors of 2142166643?
107, 739, 27091
List the prime factors of 168848482.
2, 11, 97, 7193
What are the prime factors of 82787374?
2, 163, 253949
List the prime factors of 3984239427.
3, 7, 139, 739, 1847
What are the prime factors of 155477041?
155477041
What are the prime factors of 158927534?
2, 79463767
List the prime factors of 68666078.
2, 13, 457, 5779
List the prime factors of 7926312135.
3, 5, 7, 17, 79, 56209
List the prime factors of 705552980.
2, 5, 11, 331, 9689
What are the prime factors of 77740894?
2, 7, 11, 19, 163
List the prime factors of 1053812797.
1439, 732323
List the prime factors of 177713562.
2, 3, 13, 2278379
List the prime factors o